{"id":69,"date":"2026-03-25T13:04:43","date_gmt":"2026-03-25T13:04:43","guid":{"rendered":"https:\/\/impulsemcampdetarragona.cat\/?page_id=69"},"modified":"2026-03-25T13:08:55","modified_gmt":"2026-03-25T13:08:55","slug":"proteccio-de-dades","status":"publish","type":"page","link":"https:\/\/impulsemcampdetarragona.cat\/?page_id=69","title":{"rendered":"Protecci\u00f3 de Dades"},"content":{"rendered":"\n<h2 class=\"wp-block-heading\"><strong>Impulsem Camp de Tarragona<\/strong><\/h2>\n\n\n\n<p><strong>Responsable del tractament:<\/strong><br><strong>Impulsem Camp de Tarragona<\/strong><br>Correu electr\u00f2nic: impulsemcampdetarragona@gmail.com<\/p>\n\n\n\n<p><strong>Dades que recollim:<\/strong><\/p>\n\n\n\n<ul class=\"wp-block-list\">\n<li>Nom i cognoms<\/li>\n\n\n\n<li>Correu electr\u00f2nic<\/li>\n\n\n\n<li>Tel\u00e8fon (opcional)<\/li>\n\n\n\n<li>Altres dades que ens facilitis volunt\u00e0riament (comentaris, participaci\u00f3 en activitats, subscripcions)<\/li>\n<\/ul>\n\n\n\n<p><strong>Finalitat del tractament:<\/strong><\/p>\n\n\n\n<ul class=\"wp-block-list\">\n<li>Informar sobre activitats, campanyes i not\u00edcies del partit<\/li>\n\n\n\n<li>Gestionar la participaci\u00f3 en esdeveniments i actes<\/li>\n\n\n\n<li>Respondr\u00e9 a consultes i suggeriments dels ciutadans<\/li>\n<\/ul>\n\n\n\n<p><strong>Base legal:<\/strong><\/p>\n\n\n\n<ul class=\"wp-block-list\">\n<li>Consentiment expl\u00edcit de l\u2019usuari<\/li>\n\n\n\n<li>Inter\u00e8s leg\u00edtim per informar i fomentar la participaci\u00f3 pol\u00edtica<\/li>\n<\/ul>\n\n\n\n<p><strong>Drets dels usuaris:<\/strong><br>Segons RGPD i LOPDGDD, pots exercir els seg\u00fcents drets enviant un correu a impulsemcampdetarragona@gmail.com <\/p>\n\n\n\n<ol class=\"wp-block-list\">\n<li>Acc\u00e9s a les dades que tenim sobre tu.<\/li>\n\n\n\n<li>Rectificaci\u00f3 de dades incorrectes.<\/li>\n\n\n\n<li>Supressi\u00f3 de dades (\u201cdret a l\u2019oblit\u201d).<\/li>\n\n\n\n<li>Limitaci\u00f3 del tractament de les dades.<\/li>\n\n\n\n<li>Oposici\u00f3 al tractament de les dades.<\/li>\n\n\n\n<li>Portabilitat de les dades.<\/li>\n<\/ol>\n\n\n\n<p><strong>Seguretat de les dades:<\/strong><br>Garantim mesures t\u00e8cniques i organitzatives adequades per protegir les teves dades personals.<\/p>\n\n\n\n<p><strong>Cessi\u00f3 de dades:<\/strong><br>Les dades <strong>no es compartiran amb tercers<\/strong> sense el teu consentiment, excepte obligaci\u00f3 legal.<\/p>\n\n\n\n<p><strong>Conservaci\u00f3 de dades:<\/strong><br>Les dades es conservaran mentre existeixi un inter\u00e8s leg\u00edtim o fins que retires el teu consentiment.<\/p>\n\n\n\n<p><strong>Autoritat de control:<\/strong><br>Pots presentar reclamaci\u00f3 a l\u2019<strong>Ag\u00e8ncia Espanyola de Protecci\u00f3 de Dades (AEPD)<\/strong> si creus que els teus drets no han estat respectats.<\/p>\n\n\n\n<p><\/p>\n","protected":false},"excerpt":{"rendered":"<p>Impulsem Camp de Tarragona Responsable del tractament:Impulsem Camp de TarragonaCorreu electr\u00f2nic: impulsemcampdetarragona@gmail.com Dades que recollim: Finalitat del tractament: Base legal: Drets dels usuaris:Segons RGPD i LOPDGDD, pots exercir els seg\u00fcents drets enviant un correu a impulsemcampdetarragona@gmail.com Seguretat de les dades:Garantim mesures t\u00e8cniques i organitzatives adequades per protegir les teves dades personals. Cessi\u00f3 de dades:Les dades [&hellip;]<\/p>\n","protected":false},"author":1,"featured_media":0,"parent":0,"menu_order":0,"comment_status":"closed","ping_status":"closed","template":"","meta":{"footnotes":""},"class_list":["post-69","page","type-page","status-publish","hentry"],"_links":{"self":[{"href":"https:\/\/impulsemcampdetarragona.cat\/index.php?rest_route=\/wp\/v2\/pages\/69","targetHints":{"allow":["GET"]}}],"collection":[{"href":"https:\/\/impulsemcampdetarragona.cat\/index.php?rest_route=\/wp\/v2\/pages"}],"about":[{"href":"https:\/\/impulsemcampdetarragona.cat\/index.php?rest_route=\/wp\/v2\/types\/page"}],"author":[{"embeddable":true,"href":"https:\/\/impulsemcampdetarragona.cat\/index.php?rest_route=\/wp\/v2\/users\/1"}],"replies":[{"embeddable":true,"href":"https:\/\/impulsemcampdetarragona.cat\/index.php?rest_route=%2Fwp%2Fv2%2Fcomments&post=69"}],"version-history":[{"count":2,"href":"https:\/\/impulsemcampdetarragona.cat\/index.php?rest_route=\/wp\/v2\/pages\/69\/revisions"}],"predecessor-version":[{"id":72,"href":"https:\/\/impulsemcampdetarragona.cat\/index.php?rest_route=\/wp\/v2\/pages\/69\/revisions\/72"}],"wp:attachment":[{"href":"https:\/\/impulsemcampdetarragona.cat\/index.php?rest_route=%2Fwp%2Fv2%2Fmedia&parent=69"}],"curies":[{"name":"wp","href":"https:\/\/api.w.org\/{rel}","templated":true}]}}